998. Give w(69).
112
Let g(a) = -140*a - 443. Calculate g(-10).
957
Let x(j) = -j**3 - 26*j**2 - 185*j - 55. Determine x(-8).
273
Let y(g) = g**2 - 5157*g - 61866. Calculate y(-12).
162
Let z(s) = -45588*s + 1504407. Give z(33).
3
Let z(w) = -w**3 - 51*w**2 - 27455*w - 1553158. What is z(-56)?
2
Let v(z) = -76*z**2 - 4168*z - 3413. What is v(-54)?
43
Let z(h) = h**2 - 345192*h - 2071198. What is z(-6)?
-10
Let v(n) = 3891*n - 168848. Calculate v(44).
2356
Let f(y) = 4305*y - 710444. Give f(165).
-119
Let z(o) = o**3 - 178*o**2 - 458*o - 15251. Determine z(181).
134
Let n(v) = -1562*v + 1622787. Give n(1039).
-131
Let k(i) = 56*i**2 + 212*i + 3. What is k(3)?
1143
Let d(n) = -873*n + 7487. Determine d(9).
-370
Let t(b) = -b**3 + 34*b**2 + 549*b - 2. Calculate t(-12).
34
Let q(f) = -f**3 + 225*f + 1323. What is q(-8)?
35
Let s(c) = c**3 - 63*c**2 - 232*c + 2111. Calculate s(66).
-133
Let z(b) = -9543*b - 47659. Determine z(-5).
56
Let j(d) = -5994*d - 257696. Calculate j(-43).
46
Let b(z) = z**2 + 264*z + 16089. What is b(-107)?
-710
Let a(c) = 600*c**2 + 3*c + 4. Give a(-1).
601
Let z(x) = -x**3 - 254*x**2 + 254*x - 965. Give z(-255).
-710
Let d(c) = 4*c**2 - 23*c - 4937. Give d(38).
-35
Let b(p) = 320*p**2 + 5501*p + 1021. Determine b(-17).
-16
Let y(w) = 2*w**3 - 658*w**2 + 7*w - 247. Calculate y(329).
2056
Let y(l) = l**3 - 39*l**2 + 105*l - 2535. What is y(38)?
11
Let f(y) = -101*y**3 - 8*y**2 + 5*y - 3. What is f(2)?
-833
Let t(z) = 3*z**2 + 402*z + 12698. Give t(-83).
-1
Let y(a) = -3*a**2 + 8766*a + 105612. Give y(-12).
-12
Let x(v) = 16*v**2 - 137*v - 1850. What is x(-18)?
5800
Let d(u) = 118150*u - 1181556. Determine d(10).
-56
Let a(d) = -530*d - 22801. Determine a(-43).
-11
Let k(d) = 5*d**2 - 3924*d + 23554. Determine k(6).
190
Let v(s) = 25312*s + 328842. Calculate v(-13).
-214
Let p(l) = 7*l**3 + 1052*l**2 - 743*l + 1814. What is p(-151)?
2
Let p(k) = -2*k**2 + 1757*k + 138939. Give p(-73).
20
Let r(s) = -1977*s**2 + 77103*s + 172. Give r(39).
172
Let f(h) = 5*h**3 - 134*h**2 - 35*h + 355. Give f(27).
139
Let w(u) = 2*u**3 + 622*u**2 + 51*u + 15856. Give w(-311).
-5
Let i(r) = 4*r**3 + 21*r**2 - 139*r - 29. Give i(6).
757
Let d(p) = -2185*p + 24033. Calculate d(11).
-2
Let b(x) = x**2 - 2833*x + 144543. Calculate b(52).
-69
Let s(i) = 10966*i + 175451. What is s(-16)?
-5
Let p(s) = 13*s**2 - 5378*s + 52489. Determine p(10).
9
Let b(i) = -471*i**2 + 15*i - 82. Determine b(0).
-82
Let a(r) = r**2 - 991*r - 41122. What is a(-39)?
-952
Let q(a) = -214*a - 28664. Give q(-134).
12
Let x(t) = -3*t**2 - 9671*t - 1009444. What is x(-108)?
32
Let i(c) = -8956*c + 850740. What is i(95)?
-80
Let v(l) = -2869*l + 570901. What is v(199)?
-30
Let z(g) = 686*g**2 - 102208*g - 774. Calculate z(149).
120
Let j(m) = -m**3 - 12*m**2 + 1653*m - 275. What is j(35)?
5
Let j(n) = -n**3 - 13*n**2 - 18*n - 1975. Give j(-18).
-31
Let p(b) = -336*b**3 + 109*b**2 + 107*b - 2. Give p(-1).
336
Let s(b) = -651*b - 129560. Calculate s(-199).
-11
Let c(p) = p**3 - 76*p**2 + 57*p + 1833. What is c(75)?
483
Let b(t) = 3*t**3 - 71*t**2 + 317*t - 951. Give b(19).
18
Let y(q) = q**3 - 6*q**2 - 808*q - 1616. Determine y(-2).
-32
Let j(c) = -163792*c - 12448200. Determine j(-76).
-8
Let j(p) = -3502*p + 119110. Give j(34).
42
Let u(o) = 93735*o + 3374470. What is u(-36)?
10
Let a(x) = -3*x**3 + 2*x**2 + 1285*x + 2561. What is a(-2)?
23
Let n(b) = -b**3 - 20*b**2 + 77*b + 1905. Calculate n(-20).
365
Let t(a) = -1361*a - 25696. Determine t(-19).
163
Let c(a) = -8*a**2 - 22713*a - 113371. Calculate c(-5).
-6
Let d(f) = -140*f + 64250. What is d(459)?
-10
Let y(p) = -77*p**3 + 925*p**2 - 51*p + 467. What is y(12)?
-1
Let c(d) = 47*d**2 - 475*d - 21. What is c(9)?
-489
Let x(h) = h**3 + 219*h**2 + 2099*h - 42. Determine x(-10).
-132
Let f(v) = -18*v**2 - 100*v - 27. Determine f(-8).
-379
Let u(q) = 2*q**3 - 45*q**2 - 531*q - 70. What is u(31)?
-194
Let a(t) = 4*t**3 - 13*t**2 - 4910*t + 24369. Calculate a(5).
-6
Let z(c) = 1748*c + 57885. What is z(-33)?
201
Let v(h) = 980*h - 242263. Determine v(247).
-203
Let c(s) = 2*s**3 + 130*s**2 + 1858*s + 102. Determine c(-44).
-338
Let v(s) = 1761*s - 49183. Calculate v(28).
125
Let u(h) = 43*h**2 - 2508*h + 26677. Calculate u(14).
-7
Let c(f) = -502857*f + 3520046. Determine c(7).
47
Let f(p) = 12*p**2 - 129*p - 109. Determine f(19).
1772
Let l(r) = 2*r**3 + 552*r**2 + 9766*r - 15. What is l(-257)?
-15
Let o(a) = 2*a**3 + 164*a**2 - 146*a + 1726. Determine o(-83).
66
Let o(v) = 1062*v**2 - 1435*v - 20. Determine o(2).
1358
Let w(k) = -k**3 + 50*k**2 - 188*k - 579. Give w(45).
1086
Let j(k) = -5724*k + 1196314. Give j(209).
-2
Let f(t) = -2*t**2 + 392*t + 310472. Give f(-308).
8
Let o(y) = 264*y - 1139. Determine o(8).
973
Let u(t) = t**3 + 9*t**2 - 51*t + 90. Determine u(-13).
77
Let x(p) = -39*p**3 - 3*p**2 - 337*p + 1028. Give x(3).
-1063
Let q(m) = -514*m - 28076. What is q(-55)?
194
Let s(g) = 8*g**3 + 727*g**2 + 634*g + 310. Calculate s(-90).
-50
Let u(v) = -18*v**2 + 369*v + 8282. Give u(34).
20
Let m(y) = y**2 - 240*y - 25218. Give m(319).
-17
Let l(k) = 3*k**2 - 930*k - 260586. What is l(-178)?
6
Let u(w) = -1531*w - 257328. Calculate u(-167).
-1651
Let s(q) = 18*q**2 + 1308*q + 6099. What is s(-5)?
9
Let s(u) = -953*u - 30514. Give s(-32).
-18
Let n(z) = 3136*z + 460948. Calculate n(-147).
-44
Let n(k) = 4*k**3 + 103*k**2 + 556*k + 46. Determine n(-18).
82
Let y(c) = 1078*c - 234998. What is y(218)?
6
Let n(p) = -25*p**2 - 22619*p - 45247. Calculate n(-2).
-109
Let t(p) = -330*p**2 - 2598*p + 5161. Calculate t(2).
-1355
Let h(i) = -i**3 - 145*i**2 - 499*i - 10140. Give h(-142).
226
Let c(h) = 4*h**2 + 169*h - 10200. Calculate c(34).
170
Let n(w) = w**2 - 10*w - 437. Calculate n(0).
-437
Let g(a) = 22*a**3 + 153*a**2 + 433*a - 6. Calculate g(-3).
-522
Let v(q) = 14128*q - 3122175. Give v(221).
113
Let x(l) = -l**3 - 188*l**2 - 3166*l - 1873. Give x(-18).
35
Let r(n) = -13603*n + 1047428. What is r(77)?
-3
Let i(r) = r**3 + 5*r**2 - 31*r + 879. Give i(-12).
243
Let f(i) = -3*i**2 + 779*i - 5793. What is f(252)?
3
Let u(x) = 2*x**2 - 502*x - 5180. What is u(-10)?
40
Let k(d) = 27*d**2 - 457*d + 5. Determine k(16).
-395
Let p(l) = -3*l**3 + 5*l**2 - 9*l + 148. Give p(0).
148
Let r(n) = 5*n**3 + 19*n**2 - 56*n - 365. Give r(-5).
-235
Let h(w) = 721*w - 27397. Determine h(38).
1
Let w(b) = 2*b**3 + 81*b**2 + 56*b - 309. Determine w(-40).
-949
Let q(u) = u**3 - 33*u**2 + 247*u - 78. What is q(10)?
92
Let y(f) = -1385*f - 23985. Determine y(-17).
-440
Let f(r) = 2*r**3 - 146*r**2 - 161*r + 1337. Calculate f(74).
375
Let j(r) = -2520*r - 175. What is j(1)?
-2695
Let s(c) = 365*c - 14236. Give s(39).
-1
Let p(u) = 13*u**3 + 142*u**2 + 111*u - 45. What is p(-10)?
45
Let x(h) = -2838*h - 161838. Determine x(-57).
-72
Let i(p) = 3*p**3 - 10*p**2 - 18*p + 14. What is i(-5)?
-521
Let m(h) = -h**3 + 17*h**2 + 438*h + 1863. Determine m(-7).
-27
Let k(o) = 330008*o + 1650051. Calculate k(-5).
11
Let z(g) = -320*g - 18723. What is z(-58)?
-163
Let y(m) = -m**3 + 69*m**2 - 1222*m + 5890. Determine y(8).
18
Let a(h) = 2*h**3 + 10*h**2 - 599*h - 6. Give a(15).
9
Let n(b) = 5*b**2 + 920*b + 31258. Determine n(-45).
-17
Let l(h) = 473*h**2 + 3809*h + 89. Give l(-8).
-111
Let g(j) = 484*j**2 + 49*j - 50. Give g(1).
483
Let b(t) = t**3 + 451*t**2 + 1315*t - 83. Determine b(-3).
4
Let o(i) = -325*i + 3180. What is o(8)?
580
Let d(j) = 44*j**2 - 180*j + 158. Calculate d(3).
14
Let k(d) = 450*d + 11720. Calculate k(-26).
20
Let n(a) = -172*a**2 - 10491*a + 126. Give n(-61).
65
Let i(a) = -16*a**2 + 17590*a + 35185. Give i(-2).
-59
Let o(w) = -9549*w - 2053022. Give o(-215).
13
Let r(x) = -x**3 + 5*x**2 + 586*x - 4494. Calculate r(8).
2
Let t(j) = -j**2 - 38*j + 5033. What is t(54)?
65
Let n(o) = -o**2 - 2759*o + 72597. Give n(26).
187
Let b(h) = 9*h - 14. Calculate b(37).
319
Let q(z) = 7*z**2 + 15*z + 261. What is q(0)?
261
Let i(g) = 4*g**3 - 49*g**2 - 32*g + 10. Determine i(15).
2005
Let i(o) = 1194*o + 57275. Calculate i(-48).
-37
Let w(r) = 412*r + 6820. Determine w(-17).
-184
Let z(v) = -180*v**2 - 5237*v - 505. What is z(-29)?
-12
Let l(u) = 268*u - 13251. Determine l(55).
1489
Let t(c) = 4*c**3 + 15*c**2 - 54*c - 59. What is t(6)?
1021
Let